st common factor of 198 and 7986?
66
Calculate the highest common divisor of 15786 and 18.
18
What is the greatest common divisor of 1 and 761?
1
Calculate the highest common factor of 189 and 693.
63
Calculate the highest common factor of 14 and 3521.
7
Calculate the greatest common divisor of 72 and 900.
36
Calculate the greatest common factor of 540 and 1920.
60
What is the highest common factor of 12 and 12?
12
Calculate the greatest common factor of 84 and 1239.
21
Calculate the highest common factor of 165 and 135.
15
Calculate the highest common factor of 30 and 690.
30
What is the greatest common factor of 697 and 17?
17
Calculate the highest common divisor of 1491 and 21.
21
What is the greatest common divisor of 184 and 24?
8
Calculate the greatest common divisor of 20 and 512.
4
Calculate the highest common divisor of 265 and 371.
53
Calculate the greatest common factor of 30 and 2090.
10
Calculate the greatest common divisor of 175 and 125.
25
What is the highest common factor of 6 and 2298?
6
Calculate the highest common divisor of 357 and 882.
21
What is the greatest common divisor of 5464 and 64?
8
What is the highest common divisor of 38 and 26923?
19
Calculate the highest common divisor of 3741 and 1131.
87
Calculate the greatest common factor of 141 and 39903.
141
What is the highest common divisor of 25 and 10?
5
Calculate the highest common factor of 468 and 195.
39
What is the greatest common divisor of 19 and 4009?
19
What is the highest common factor of 825 and 1050?
75
What is the highest common factor of 26 and 78?
26
Calculate the highest common factor of 392 and 72.
8
Calculate the greatest common divisor of 90 and 20.
10
Calculate the highest common divisor of 220 and 80.
20
What is the greatest common factor of 136 and 248?
8
Calculate the greatest common factor of 318 and 4.
2
Calculate the highest common factor of 7693 and 1413.
157
Calculate the greatest common factor of 9 and 312.
3
What is the greatest common factor of 125 and 3000?
125
Calculate the highest common divisor of 1386 and 528.
66
What is the greatest common factor of 16 and 432?
16
What is the greatest common factor of 14 and 819?
7
What is the greatest common factor of 430 and 3698?
86
Calculate the highest common divisor of 198 and 44.
22
Calculate the greatest common factor of 129 and 3225.
129
What is the highest common divisor of 29 and 464?
29
What is the highest common factor of 1343 and 306?
17
Calculate the highest common factor of 8343 and 81.
81
What is the highest common divisor of 91 and 39?
13
What is the greatest common divisor of 66 and 418?
22
Calculate the greatest common divisor of 96 and 164.
4
What is the highest common divisor of 522 and 126?
18
What is the greatest common divisor of 1460 and 20?
20
What is the greatest common factor of 338 and 36166?
338
What is the greatest common divisor of 42 and 350?
14
Calculate the greatest common factor of 88 and 2926.
22
What is the greatest common factor of 23463 and 66?
33
What is the highest common divisor of 420 and 135?
15
Calculate the highest common factor of 89 and 178.
89
What is the highest common factor of 274 and 2329?
137
Calculate the greatest common factor of 27 and 18.
9
What is the highest common factor of 989 and 43?
43
Calculate the highest common divisor of 10 and 8880.
10
Calculate the greatest common factor of 45 and 585.
45
Calculate the greatest common divisor of 116 and 176.
4
What is the greatest common factor of 135 and 1935?
45
What is the highest common factor of 1359 and 9?
9
Calculate the greatest common factor of 575 and 5.
5
Calculate the highest common factor of 456 and 2964.
228
Calculate the greatest common factor of 6564 and 6.
6
What is the highest common divisor of 32 and 5504?
32
Calculate the greatest common divisor of 78 and 182.
26
Calculate the greatest common factor of 65 and 2522.
13
Calculate the greatest common divisor of 21215 and 5.
5
Calculate the highest common divisor of 527 and 17.
17
What is the highest common divisor of 32 and 4000?
32
Calculate the greatest common divisor of 184 and 391.
23
What is the greatest common divisor of 1110 and 135?
15
What is the greatest common divisor of 1141 and 2119?
163
Calculate the greatest common divisor of 14659 and 107.
107
Calculate the greatest common divisor of 6 and 66.
6
What is the highest common divisor of 160 and 40?
40
What is the greatest common divisor of 8 and 3?
1
Calculate the greatest common factor of 1380 and 220.
20
What is the highest common factor of 7776 and 384?
96
Calculate the highest common factor of 18563 and 19.
19
Calculate the greatest common factor of 3078 and 162.
162
Calculate the highest common divisor of 6 and 62.
2
What is the greatest common factor of 1702 and 1850?
74
What is the highest common factor of 1023 and 527?
31
What is the highest common factor of 2 and 20?
2
Calculate the highest common factor of 1312 and 820.
164
Calculate the highest common factor of 714 and 867.
51
Calculate the highest common divisor of 213 and 284.
71
Calculate the greatest common factor of 138 and 690.
138
Calculate the greatest common divisor of 764 and 4.
4
What is the highest common factor of 7850 and 10?
10
What is the highest common divisor of 14 and 13356?
14
Calculate the greatest common divisor of 9044 and 84.
28
What is the highest common divisor of 40 and 12860?
20
Calculate the greatest common divisor of 133 and 228.
19
Calculate the highest common divisor of 414 and 90.
18
What is the highest common factor of 304 and 16?
16
Calculate the greatest common divisor of 186 and 102.
6
What is the highest common factor of 280 and 40?
40
Calculate the greatest common divisor of 609 and 3857.
203
What is the greatest common divisor of 391 and 17?
17
What is the greatest common factor of 136 and 212?
4
What is the greatest common factor of 19514 and 44?
22
Calculate the greatest common factor of 22 and 176.
22
Calculate the greatest common factor of 710 and 350.
10
Calculate the greatest common factor of 30 and 3170.
10
Calculate the greatest common divisor of 665 and 35.
35
Calculate the greatest common factor of 285 and 1045.
95
What is the highest common divisor of 147 and 784?
49
What is the greatest common factor of 56 and 8?
8
What is the highest common divisor of 2144 and 67?
67
What is the greatest common factor of 7 and 49?
7
What is the highest common divisor of 616 and 1793?
11
Calculate the greatest common divisor of 480 and 300.
60
What is the highest common factor of 592 and 74?
74
Calculate the highest common factor of 2 and 62.
2
Calculate the greatest common factor of 4 and 10.
2
What is the highest common factor of 1311 and 138?
69
What is the greatest common factor of 6 and 4287?
3
Calculate the greatest common factor of 646 and 38.
38
Calculate the greatest common factor of 90 and 72.
18
Calculate the greatest common factor of 58 and 725.
29
What is the greatest common factor of 33 and 9?
3
What is the highest common divisor of 44 and 1628?
44
What is the greatest common factor of 693 and 594?
99
What is the greatest common factor of 1032 and 8?
8
Calculate the highest common divisor of 20093 and 283.
283
What is the highest common factor of 1968 and 48?
48
Calculate the highest common factor of 48 and 408.
24
Calculate the highest common divisor of 33 and 7491.
33
Calculate the highest common divisor of 175 and 63.
7
Calculate the highest common factor of 336 and 16884.
84
Calculate the highest common divisor of 20 and 695.
5
Calculate the highest common divisor of 256 and 5296.
16
Calculate the greatest common factor of 268 and 1675.
67
Calculate the greatest common divisor of 682 and 93.
31
What is the highest common divisor of 604 and 3473?
151
What is the greatest common factor of 8075 and 969?
323
What is the highest common divisor of 63 and 72?
9
What is the highest common factor of 112 and 2632?
56
What is the highest common factor of 5586 and 342?
114
Calculate the greatest common divisor of 7974 and 6.
6
What is the highest common divisor of 135 and 585?
45
What is the greatest common divisor of 51 and 153?
51
Calculate the highest common factor of 414 and 11868.
138
Calculate the greatest common factor of 41 and 82.
41
Calculate the g